 a(b). What is the units digit of ((-988)/(-208))/((0 - m)/(-4))?
9
Suppose 4*y + 2*u = 26, -3*y = -u - 4*u + 13. Suppose -2*b - 5*j + 67 = 0, y*j - 25 = -j. What is the units digit of b?
1
Let f be 28/56*(-32)/2*-1. Suppose 4*x - 4584 = -5*p, -3*p - 5*x = -2*p - 900. Suppose -p = -0*s - f*s. What is the hundreds digit of s?
1
Let z be (-43)/(-4)*(312/(-13))/(-6). Suppose -z*m + 528 = -32*m. What is the units digit of m?
8
What is the units digit of (-26 + (-700959)/(-42))/(6/16)?
6
What is the units digit of 7*11263 + 182/(11 + 15)?
8
What is the tens digit of (10238 - -1) + -14 + -2?
2
Suppose -y + 21 = g, -y + 6 = 2. Suppose 4*m + 634 = 2*h, 15*h - g*h + 2*m + 630 = 0. What is the units digit of h?
3
Let f = 58717 - 21881. What is the units digit of f?
6
Let k(f) = -11*f**3 + 8*f**2 + 6*f + 6. Let g(x) = 25*x - 29. Let w be g(1). What is the tens digit of k(w)?
1
What is the units digit of ((-9253)/1 - -4)/(30/(-20))?
6
Let w(l) = 174*l**2 + 36*l + 317. What is the tens digit of w(-8)?
6
Suppose w - 590 = -133. Suppose -2*s + w = -283. What is the tens digit of s?
7
Let p(h) = 18*h**2 + 73*h - 1380. What is the units digit of p(22)?
8
Suppose 58*j - 51*j = 40810. What is the thousands digit of j?
5
Let n be -28*1/(2/(-4)). Suppose 183*v + 3607 = -828 - 1970. What is the tens digit of (n/v)/((-4)/310)?
2
Let n(w) = -4*w - 32. Let p be n(-10). Let b = -3 + p. Let s(f) = 3*f + 3. What is the units digit of s(b)?
8
Suppose -1869 = 150*w - 171*w. What is the units digit of w?
9
Suppose 135797 = -32*l + 41781. Let u = -1543 - l. What is the thousands digit of u?
1
What is the hundreds digit of (-12*18)/((6/(-160))/((-1584)/(-360)))?
3
Let l(r) = 9*r**3 + 8*r**2 - 14*r + 1. Let a be l(5). Suppose -2*v - 284 = -3*v - 5*n, 4*v - a = 4*n. What is the tens digit of v?
0
Suppose -25*q + 422383 = 70058. What is the units digit of q?
3
Let g(w) be the third derivative of w**4/6 - 3*w**3/2 + 18*w**2. Let u be g(3). Suppose 188 = 2*a + 4*j, -3*a - j + u*j = -298. What is the units digit of a?
8
Let h(d) = -1142*d + 564. What is the thousands digit of h(-6)?
7
Suppose 5*u = -0*u + 15. Let h be 8/(-3) - u*(-10)/45. What is the units digit of (72 + (0 - -4))*h/(-4)?
8
Let f = 826 + -824. Suppose -13*n = -14*n + 5*r + 340, -f*n = -2*r - 640. What is the units digit of n?
5
Suppose 3*m + 6 - 3 = 0, -4*m = -3*z - 2. Let l = 21 + z. Let h(o) = 5*o + 14. What is the hundreds digit of h(l)?
1
Let z = 53227 - 6122. What is the thousands digit of z?
7
Let g(w) be the third derivative of -18*w**4 - w**3/2 - 43*w**2. What is the tens digit of g(-1)?
2
Suppose g - 18900 = -4*g + 4*n, -g + 3780 = -n. Suppose -18*u = -20*u + g. Suppose c - u = -8*c. What is the tens digit of c?
1
Let v be (-15)/(2/4 - (-3)/6). Let r be (-26)/(-4) + v/10. Suppose r*q - 514 = 3*a, 3*q - 3*a - 315 = a. What is the tens digit of q?
0
Suppose 0 = -11*a - 19 - 80. What is the units digit of ((-22)/297*a)/((-2)/(-3762))?
4
Suppose -3*s - 2*g = -14075, 3*s + 2*s - 23433 = 3*g. Suppose -5*u + s = -4*b - 3565, u + 2*b = 1662. What is the units digit of u?
4
Let k(l) = -97*l - 4. Let r(q) = -2*q**2 - 3*q + 7. Suppose -6*y + 2*y = -3*p + 18, 4*y = 5*p - 22. Let t be r(y). What is the hundreds digit of k(t)?
1
Suppose 9881 = t - n + 472, -2*t - 4*n + 18848 = 0. What is the thousands digit of t?
9
Let q(i) = -5*i + 6*i**2 - 4*i - 7*i**2. Let r be q(-9). Let m(k) = -2*k + 54. What is the units digit of m(r)?
4
Let n(v) = -v**2 + 17*v - 1. Let w(f) = 2*f**2 - 17*f + 2. Let t(u) = -3*n(u) - 2*w(u). What is the units digit of t(-12)?
9
Suppose -4*p + 2*k = -13978, 6*p + 2*k = 17538 + 3434. What is the thousands digit of p?
3
Let t(n) = n**2 + 10*n + 19. Let v be t(-8). Suppose 5*d - 592 = -v*k, -5*k - 3*d + 782 = -k. What is the hundreds digit of k?
1
Suppose 2*y - 5*u - 60 = 0, 5*y + 5*u - 45 = 35. Suppose 5*r - r + y = 0. What is the tens digit of -7 - r - (2 + -1 + -23)?
2
Let k be ((-8)/10)/(3/5 + -1). Suppose -39 = -5*j + k*c - 9, -j + 4*c = -6. Let m(t) = t**2 + 5*t - 17. What is the units digit of m(j)?
9
Suppose -q + 534 = v, 0*q = -5*v + q + 2652. Suppose -v = -14*z + 5*z. What is the tens digit of 1*(0 + -1) + z?
5
Let p(k) = 8*k - 416. Let f be p(52). Let x be 28/6 - 2/3. Suppose f*u = x*u - 292. What is the tens digit of u?
7
Suppose -2*a = 4*n - 10032 + 114, 0 = -5*n + 2*a + 12411. What is the units digit of n?
1
Let f = -146032 - -212806. What is the units digit of f?
4
Let g = 36 + 51. Let y = -129 + g. Let v = y + 163. What is the hundreds digit of v?
1
Let f(j) = -2*j + 1. Let r be f(13). Let t = -24 - r. Suppose -5*l - 73 = -q, 2*q - 2*l - 129 = t. What is the tens digit of q?
6
Let f be (72/(-30))/((-2)/180). Let r = 349 - f. What is the hundreds digit of r?
1
Let l(d) = 4*d**2 - 49*d - 138. What is the thousands digit of l(54)?
8
Suppose 21*d = 22*d + 12. Let q = -11 - d. What is the units digit of q?
1
Let d(g) = -g**2 + 16*g - 4. Let p be d(16). Let v(l) = 18*l - 20. Let y be v(p). Let j = 145 + y. What is the tens digit of j?
5
Let y(a) = a**3 - 9*a**2 - 14*a + 40. Let k be y(10). Let x = -213 + 416. Suppose k = 4*o - b - x, 2*o - 129 = b - 26. What is the tens digit of o?
5
Suppose 2*t - 3*h - 11734 = 0, 23504 = -7*t + 11*t + 3*h. What is the units digit of t?
3
Let f = -4877 + 7214. Suppose -1676 = -2*d - 3*z, -4*d + f = 3*z - 1009. What is the units digit of d?
5
Suppose -5*f = -2*h + 51640, -3*f = -9*h + 10*h - 25809. What is the units digit of h?
5
Let b(j) = 558*j**3 - 2*j**2 - 35*j + 85. What is the thousands digit of b(3)?
5
Let w(x) = 4*x + 3792. Let i be w(0). Suppose 3378 = 15*t - i. What is the units digit of t?
8
Let c(v) = -v**3 - 105*v**2 - 222*v - 614. What is the hundreds digit of c(-103)?
0
Let q be (-1 + -597)*273/14. What is the units digit of 1*q/(-18) - 3/(-18)?
8
Let l(n) = -n**3 + 6*n**2 - 2*n - 7. Let k be l(5). Let u = -8 + k. Suppose -3*d + 4*y = -236, -3*y - 77 = -d - u*y. What is the units digit of d?
0
Let d = 561 - -1779. What is the hundreds digit of (1/1)/(6/d)?
3
Suppose 3*z = -3*h + 112311, -13*z + 18*z - h - 187209 = 0. What is the hundreds digit of z?
4
Let c(q) = q**3 + 27*q**2 + 112*q + 1406. What is the units digit of c(-14)?
6
Let d be -1 - 6/(-8) - 850/(-200). Let p(x) = 36*x**2 - 10*x + 18. What is the tens digit of p(d)?
5
Suppose 6801*f = 6824*f - 1256881. What is the thousands digit of f?
4
Suppose -58 = -3*h - 25. Let n = h + 92. What is the tens digit of n?
0
Let n = 27257 - 16259. What is the tens digit of n?
9
Let m be -4 - 174/(-42) - (-15)/(-7). What is the units digit of (-3 + 5)*(-51)/m?
1
Suppose 4*r - 2239 = -5*l, 3*r - 1687 = -2*l + 6*l. Let d = r - 322. Suppose -226 = -5*j + d. What is the units digit of j?
3
Let r(x) = -7 + 1 + x**2 + 2*x + 1. Let n be r(-4). Suppose 5*u - 15 = 0, -4*s + n*u + u + 360 = 0. What is the tens digit of s?
9
Let w(g) = 17*g**3 - 8*g**2 + 17*g - 214. What is the thousands digit of w(7)?
5
Suppose -5*p + 120 = u, 3*u - 63 - 57 = -5*p. Suppose 20*b + 276 = p*b. Suppose q - 74 = b. What is the hundreds digit of q?
1
Let z(t) = -223*t**3 - 22*t**2 - 26*t + 459. What is the units digit of z(-7)?
2
Let a(i) = -51*i - 1. Suppose -4*w - 5 + 7 = 3*h, -3 = -5*w - 4*h. What is the tens digit of a(w)?
5
Let v(l) = l**3 + 153*l**2 + 111*l - 1079. What is the hundreds digit of v(-152)?
1
Let w = -12884 - -34196. What is the tens digit of w?
1
Suppose -2*v = 4543 - 42279 - 18738. What is the thousands digit of v?
8
Let i(s) = 15274*s**2 - 47*s + 45. What is the thousands digit of i(1)?
5
What is the units digit of (1633/(-71))/((-318)/158 + 2)?
7
Let j(p) = p**2 + 16*p + 22. Let f(x) = x**2 - 21*x - 28. Let d be f(25). Let l = 54 - d. What is the units digit of j(l)?
8
Let o = 41 - 141. Let x = 9 - o. What is the units digit of x?
9
Suppose 0 = -3*d - 17 + 29. Suppose 248 = y - 2*x, -1296 = -5*y - 0*y - d*x. What is the units digit of y?
6
Let o = -214 - -238. Suppose o*m = 21*m + 1035. What is the tens digit of m?
4
What is the units digit of 634220/114 + 5/(-15)?
3
Let h(s) = s. Let x(l) = -20*l + 3. Let z(y) = 6*h(y) + x(y). Let i(n) = 70*n - 15. Let j(q) = 2*i(q) + 11*z(q). What is the units digit of j(-2)?
1
Let c be (-9)/(-6)*12/27*-3. Let o be (c - 0) + 2 + (8 - 4). Suppose 5*t = -5*g + 600, o*g + 5*t